. Let s = -25 + 30. Suppose -3 = -4*u + s*u. What are the prime factors of g(u)?
2, 7
Let k(g) = 2*g - 9. Let q be k(9). Suppose -4*r + 5*m = q + 10, 12 = 4*m. What are the prime factors of (0 - (-3 + -7)) + r?
3
Suppose -457*b = -461*b + 8968. List the prime factors of b.
2, 19, 59
Let z(s) = -28*s**2 + 0*s**3 + 16*s - 3 + 53*s**2 - s**3 - 31*s**2. List the prime factors of z(-9).
2, 3
Let o(t) = 8 + 4 + 3 + 6*t - 5*t. Let u be o(-12). Suppose 29 + 16 = 2*b - z, -u*b + 69 = -z. List the prime factors of b.
2, 3
Suppose 4*t + 1 - 5 = 0. What are the prime factors of t*158 - (-4 + 3/1)?
3, 53
Suppose -3*v + t - 3741 = -8*v, -5*t = -3*v + 2239. List the prime factors of v.
2, 11, 17
Let n = 1837 - 1159. What are the prime factors of n?
2, 3, 113
Let k = 61 + 55. Suppose -k - 89 = -h. Let n = h + -143. What are the prime factors of n?
2, 31
Let y(m) = 61*m**2 - m - 13. What are the prime factors of y(-3)?
7, 11
Suppose 2*w + 4*m - 846 = 5*m, 0 = -4*w - m + 1704. What are the prime factors of w?
5, 17
Let a = 220 + -70. List the prime factors of a.
2, 3, 5
Let c be 1 - (2 - 6/(-2)). List the prime factors of (-952)/(-7) - (c + 3).
137
Let q(d) = 27*d**2 - 6*d + 169. List the prime factors of q(15).
2, 17, 181
Let n = 75 + -130. Let v be 11/n + 138/(-10). Let c = -9 - v. What are the prime factors of c?
5
Suppose -26 + 308 = 3*p. Let n = 246 - p. List the prime factors of n.
2, 19
Let d = -733 + 1769. List the prime factors of d.
2, 7, 37
Let o = -108 + 151. Suppose -4*a = -4*d + 44, 2*d - o = -4*a - a. What are the prime factors of d?
2, 7
Suppose 6*k + 5*f = k - 60, 0 = 4*k - 4*f + 72. Let b = 0 - k. List the prime factors of b.
3, 5
Let h(z) = -z**3 - 4*z**2 + 5*z + 8. Let i be h(-5). Let v be ((-30)/25)/(i/60). What are the prime factors of (-18 - -6)*v/4?
3
Suppose 0 = 2*g - 0 - 2. Let v be -16*2/((-2)/g). What are the prime factors of (-12)/v + (-107)/(-4)?
2, 13
What are the prime factors of -2 + (-3912)/(-6) - (-2 + 7)?
3, 5, 43
Let v be 472/6*(-117)/(-26). Suppose 4*y + 98 - v = 0. Suppose -3*o + 2*x = -110, 3*o + x - 34 - y = 0. What are the prime factors of o?
2, 17
Let j = -7 - -46. Suppose -j = -2*f + 3. What are the prime factors of f?
3, 7
Suppose -o + 4*g = -1405, -858 = -o - 5*g + 565. List the prime factors of o.
3, 157
Let g(u) = -2*u**3 + 55*u**2 + 24*u - 20. List the prime factors of g(27).
23, 59
What are the prime factors of -8 - (3054/9)/(7/(-21))?
2, 5, 101
Let d(b) = b**2 + 10*b + 9. Let k be d(-8). Let j = k + 11. List the prime factors of j/6 - (-366)/18.
3, 7
List the prime factors of -42*26*4/(-16).
3, 7, 13
Suppose 0 = v + 6*f - f - 2455, v - f = 2455. List the prime factors of v.
5, 491
Let f be (2 + 0)/((-3)/(-3753)*6). Suppose -4*r - c = -841, 0*c + f = 2*r - 3*c. What are the prime factors of r?
2, 3, 5, 7
Let m(z) = 5*z**3 + z**2 - z - 4. Let v = 112 - 110. What are the prime factors of m(v)?
2, 19
Suppose 10 = 2*h + 3*i, 0*i + 4*i = 4*h. Let g(t) = t**2 + 4*t + 3. Let w be g(-5). What are the prime factors of (51*h)/(w/4)?
3, 17
Let a be (-3)/(-9)*(-8 - 1). Let t(o) = o**2 + 3*o - 3. Let i be t(a). Let p(s) = 6*s**2 - 2*s - 6. List the prime factors of p(i).
2, 3
Suppose 0 = -3*s - 3*y + y + 562, -4*y - 966 = -5*s. List the prime factors of s.
2, 5, 19
Let x = 2361 + -1252. List the prime factors of x.
1109
Let s be 27/(-36)*16/(-6). Suppose g - 5*u - 97 = 0, s*g - 4*u + 138 = 4*g. What are the prime factors of g?
7, 11
List the prime factors of (121/(-11))/(-11)*(3577 - -1).
2, 1789
Suppose 3*l + t = 266 + 2279, 0 = 3*l + 3*t - 2541. List the prime factors of l.
3, 283
Suppose 5*f - 10*f = -5*t - 210, 5*t - 2*f + 210 = 0. Let u be (-2)/(-2) + 12 - 0. Let a = u - t. What are the prime factors of a?
5, 11
Let q be (2 - (-1 + 5))/((-2)/109). List the prime factors of q/(-4)*44/(-11).
109
Let g be (-2)/7 + (-423)/63. Let b(r) = -18*r - 9. List the prime factors of b(g).
3, 13
Let n = 8 + -7. Suppose -2*p - n = -9. Suppose 0 = p*j + g - 157, -j + 55 = -0*j - 5*g. What are the prime factors of j?
2, 5
Let v be 3954/21 - (-4)/(-14). Suppose v = 2*c - 6*o + 4*o, -3*c + 289 = 4*o. What are the prime factors of c?
5, 19
Let b = 9105 + -5766. List the prime factors of b.
3, 7, 53
Suppose 0 = -z + 4*w + 1698, 9*z - w = 4*z + 8395. What are the prime factors of z?
2, 839
Let w = -56 + 65. List the prime factors of w.
3
Let g be (16/(-24))/((-4)/30). Suppose g*r - 47 = 28. Suppose 4*q = 7*q - r. List the prime factors of q.
5
Suppose 0 = -3*d + 9 + 3. Suppose -2*r = -3*r + d. Suppose -2*i = r*c - 44 - 16, -165 = -5*i - 5*c. What are the prime factors of i?
2, 3
Let r(d) = d**3 + d**2 + 6*d + 6. Let p(b) = -b**3 - b**2 - 5*b - 5. Let h(k) = 6*p(k) + 5*r(k). Let w be h(-2). List the prime factors of (2/w)/(10/120).
2, 3
Let i(r) = r**2 - 8*r + 10. Let b be i(4). What are the prime factors of -2 - b - (0 + 0)?
2
Suppose b + 5 = 2, -27 = -3*s + 4*b. Suppose -s*f - 6 = -5*o - 1, -5*f = 5*o - 35. Let i = f + 9. List the prime factors of i.
2, 3
Suppose -30*v = -26*v - 8. List the prime factors of v/17 + -620*20/(-85).
2, 73
Let x = -7 + 34. Let j = x - 22. Suppose -3*n + 80 = 2*n - j*d, -3*n = d - 44. What are the prime factors of n?
3, 5
Let q(u) = u + 3 + 3*u + 2*u. Let h be 290/87 - (1 - (-5)/(-3)). What are the prime factors of q(h)?
3
Let u be (-2 - -8)/3 + 2. Let s be 84/(-8)*u/(-2). Suppose 4*b + 5*g = 31, -3*b - 3*g + 0 + s = 0. List the prime factors of b.
2
Suppose 0 = f + 2*r - 221, -2*f + 435 = -3*r - 0*r. Suppose -3*s - 46 = -n, -n = -6*n + 4*s + f. What are the prime factors of n?
43
Suppose 16 = -4*u + 4*c + 60, 4*c + 20 = 0. Let s(d) = 15*d - 16. What are the prime factors of s(u)?
2, 37
Suppose 4*n - 113 - 91 = 0. List the prime factors of n.
3, 17
List the prime factors of ((-130 - 1 - 3)/(-2))/1.
67
Let q(x) = -x + 33. Let p(f) = -f + 17. Let z(d) = -7*p(d) + 3*q(d). What are the prime factors of z(17)?
2, 3
Let r be ((-354)/(-295))/(6/10). Let x(m) = 6*m**3 - 3*m + m**2 - 2*m**3 + m. List the prime factors of x(r).
2
Suppose -3*q = 2*q - 1800. Suppose -11*g + q = -7*g. List the prime factors of g.
2, 3, 5
Let g = -1293 + 3938. List the prime factors of ((-6)/(-10))/(g/(-1325) - -2).
3, 53
Let z be (-5 + 1)*(-27)/12. Let s = 719 - 639. Suppose -z*t = -4*t - s. What are the prime factors of t?
2
Let j(q) = q - 5. Suppose -6 + 2 = -o. Let t be j(o). Let u(d) = -18*d. What are the prime factors of u(t)?
2, 3
What are the prime factors of (-63)/315 + (-37)/(-10)*206?
2, 3, 127
Let z(s) = -51*s - 99. What are the prime factors of z(-8)?
3, 103
Suppose 0*s = -5*v - s + 27, 4*s = -v + 13. Let k be 104*(v - 2)/6. Suppose 5*l = 9*l - k. What are the prime factors of l?
13
Let h = 12388 - 857. What are the prime factors of h/117 - 4/(-9)?
3, 11
List the prime factors of ((-1136)/24 + 7)/(2/(-6)).
11
Suppose 147938 = 40*m + 40938. What are the prime factors of m?
5, 107
Suppose -2*n + 5*t - 1 = -7, -4*n + 4*t = 0. What are the prime factors of 5 + 1 + n/1?
2
Let o(g) = 0*g - 5*g - 17 + 15 - 3*g. List the prime factors of o(-1).
2, 3
Let r be -1*4/8*-2*-5. What are the prime factors of (-1259)/r - ((-2)/1)/10?
2, 3, 7
What are the prime factors of 8/16 - (-1)/((-2)/(-251))?
2, 3, 7
Suppose 5*c = 4*i - 1425, -204 - 166 = -i + 4*c. List the prime factors of i.
2, 5, 7
Let f(t) = 11*t**2 - 22*t - 4. Let z be f(8). Suppose -94 = -6*n + z. What are the prime factors of n?
103
Let d = -2526 + 4017. What are the prime factors of d?
3, 7, 71
Let y(v) = 8*v - 14. Let x be y(-4). List the prime factors of (x/5)/((-8)/20).
23
Suppose -4*j - p + 13000 = 0, 3*p - 3239 = 3*j - 4*j. List the prime factors of j.
3251
Suppose -2*n = -3*r + 176 + 339, 0 = -5*r + 4*n + 855. Let a = r - 90. What are the prime factors of a?
5, 17
Let g(b) = 34*b**2 - 14*b - 2. What are the prime factors of g(4)?
2, 3
Suppose 2*b - 4 = r, 6*r - b + 2 = 3*r. Suppose 5*j + 20 = r, -2*o + 2*j + 284 = o. List the prime factors of o.
2, 23
Let m = 2180 - 1534. What are the prime factors of m?
2, 17, 19
Let n(h) be the second derivative of -h**4/12 + h**3 + 9*h**2/2 - 193*h. Suppose 2*q - 7 - 5 = 0. List the prime factors of n(q).
3
List the prime factors of 40*(135/20 - -4).
2, 5, 43
Suppose -477 = -2*h - 7*h. Let y = h - 32. What are the prime factors of y?
3, 